{"id":96,"date":"2023-06-09T10:12:39","date_gmt":"2023-06-09T08:12:39","guid":{"rendered":"http:\/\/technologie.moreauabc.fr\/?page_id=96"},"modified":"2023-06-09T10:12:39","modified_gmt":"2023-06-09T08:12:39","slug":"ent-neo","status":"publish","type":"page","link":"https:\/\/technologie.moreauabc.fr\/index.php\/ent-neo\/","title":{"rendered":"ENT N\u00e9o"},"content":{"rendered":"<p><a href=\"http:\/\/enthdf.fr\" target=\"_blank\" rel=\"noopener\"><img loading=\"lazy\" decoding=\"async\" class=\"alignnone wp-image-109 size-full\" src=\"https:\/\/camusbruay.etab.ac-lille.fr\/files\/2021\/09\/Logo_ENT_Neo.png\" alt=\"ENTHDF\" width=\"493\" height=\"160\" \/><\/a><a href=\"https:\/\/connexion.enthdf.fr\/\" target=\"_blank\" rel=\"noopener\">&lt;&lt; Cliquer ici pour acc\u00e9der \u00e0 l&rsquo;ENT<\/a><\/p>\n<p>L&rsquo;ENT : Espace Num\u00e9rique de Travail est un espace permettant aux \u00e9l\u00e8ves et aux enseignants de consulter et d&rsquo;\u00e9changer des contenus.<\/p>\n<p>Voici un guide \u00e0 destination des \u00e9l\u00e8ves : <a href=\"https:\/\/camusbruay.etab.ac-lille.fr\/files\/2021\/09\/ENT-HdF_Guide-demarrage-Premiers-pas-eleves-2D_Academie-LILLE.pdf\">ENT-HdF_Guide-d\u00e9marrage-Premiers-pas-\u00e9l\u00e8ves-2D_Acad\u00e9mie-LILLE<\/a><\/p>\n<p>Un guide \u00e0 destination des parents : <a href=\"https:\/\/camusbruay.etab.ac-lille.fr\/files\/2021\/09\/ENT-HdF_Guide-demarrage-Premiers-pas-parents-2D_Academie-LILLE.pdf\">ENT-HdF_Guide-d\u00e9marrage-Premiers-pas-parents-2D_Acad\u00e9mie-LILLE<\/a><\/p>\n<p>Un guide \u00e0 destination des enseignants : <a href=\"https:\/\/camusbruay.etab.ac-lille.fr\/files\/2021\/09\/ENT-HdF_Guide-demarrage-Premiers-pas-enseignants-personnels-2D_Academie-LILLE.pdf\">ENT-HdF_Guide-d\u00e9marrage-Premiers-pas-enseignants-personnels-2D_Acad\u00e9mie-LILLE<\/a><\/p>\n<p>Vous pouvez \u00e9galement t\u00e9l\u00e9charger les applications sur votre t\u00e9l\u00e9phone, n&rsquo;h\u00e9sitez pas \u00e0 <a href=\"https:\/\/camusbruay.etab.ac-lille.fr\/connexion-aux-services-numeriques\/\" target=\"_blank\" rel=\"noopener\">consulter le guide des connexions<\/a>.<\/p>\n","protected":false},"excerpt":{"rendered":"<p>&lt;&lt; Cliquer ici pour acc\u00e9der \u00e0 l&rsquo;ENT L&rsquo;ENT : Espace Num\u00e9rique de Travail est un espace permettant aux \u00e9l\u00e8ves et aux enseignants de consulter et d&rsquo;\u00e9changer des contenus. Voici un guide \u00e0 destination des \u00e9l\u00e8ves : ENT-HdF_Guide-d\u00e9marrage-Premiers-pas-\u00e9l\u00e8ves-2D_Acad\u00e9mie-LILLE Un guide \u00e0 destination des parents : ENT-HdF_Guide-d\u00e9marrage-Premiers-pas-parents-2D_Acad\u00e9mie-LILLE Un guide \u00e0 destination des enseignants : ENT-HdF_Guide-d\u00e9marrage-Premiers-pas-enseignants-personnels-2D_Acad\u00e9mie-LILLE Vous pouvez [&hellip;]<\/p>\n","protected":false},"author":1,"featured_media":0,"parent":0,"menu_order":0,"comment_status":"closed","ping_status":"closed","template":"","meta":{"site-sidebar-layout":"default","site-content-layout":"","ast-site-content-layout":"default","site-content-style":"default","site-sidebar-style":"default","ast-global-header-display":"","ast-banner-title-visibility":"","ast-main-header-display":"","ast-hfb-above-header-display":"","ast-hfb-below-header-display":"","ast-hfb-mobile-header-display":"","site-post-title":"","ast-breadcrumbs-content":"","ast-featured-img":"","footer-sml-layout":"","ast-disable-related-posts":"","theme-transparent-header-meta":"","adv-header-id-meta":"","stick-header-meta":"","header-above-stick-meta":"","header-main-stick-meta":"","header-below-stick-meta":"","astra-migrate-meta-layouts":"default","ast-page-background-enabled":"default","ast-page-background-meta":{"desktop":{"background-color":"var(--ast-global-color-4)","background-image":"","background-repeat":"repeat","background-position":"center center","background-size":"auto","background-attachment":"scroll","background-type":"","background-media":"","overlay-type":"","overlay-color":"","overlay-opacity":"","overlay-gradient":""},"tablet":{"background-color":"","background-image":"","background-repeat":"repeat","background-position":"center center","background-size":"auto","background-attachment":"scroll","background-type":"","background-media":"","overlay-type":"","overlay-color":"","overlay-opacity":"","overlay-gradient":""},"mobile":{"background-color":"","background-image":"","background-repeat":"repeat","background-position":"center center","background-size":"auto","background-attachment":"scroll","background-type":"","background-media":"","overlay-type":"","overlay-color":"","overlay-opacity":"","overlay-gradient":""}},"ast-content-background-meta":{"desktop":{"background-color":"var(--ast-global-color-5)","background-image":"","background-repeat":"repeat","background-position":"center center","background-size":"auto","background-attachment":"scroll","background-type":"","background-media":"","overlay-type":"","overlay-color":"","overlay-opacity":"","overlay-gradient":""},"tablet":{"background-color":"var(--ast-global-color-5)","background-image":"","background-repeat":"repeat","background-position":"center center","background-size":"auto","background-attachment":"scroll","background-type":"","background-media":"","overlay-type":"","overlay-color":"","overlay-opacity":"","overlay-gradient":""},"mobile":{"background-color":"var(--ast-global-color-5)","background-image":"","background-repeat":"repeat","background-position":"center center","background-size":"auto","background-attachment":"scroll","background-type":"","background-media":"","overlay-type":"","overlay-color":"","overlay-opacity":"","overlay-gradient":""}},"footnotes":""},"class_list":["post-96","page","type-page","status-publish","hentry"],"_links":{"self":[{"href":"https:\/\/technologie.moreauabc.fr\/index.php\/wp-json\/wp\/v2\/pages\/96","targetHints":{"allow":["GET"]}}],"collection":[{"href":"https:\/\/technologie.moreauabc.fr\/index.php\/wp-json\/wp\/v2\/pages"}],"about":[{"href":"https:\/\/technologie.moreauabc.fr\/index.php\/wp-json\/wp\/v2\/types\/page"}],"author":[{"embeddable":true,"href":"https:\/\/technologie.moreauabc.fr\/index.php\/wp-json\/wp\/v2\/users\/1"}],"replies":[{"embeddable":true,"href":"https:\/\/technologie.moreauabc.fr\/index.php\/wp-json\/wp\/v2\/comments?post=96"}],"version-history":[{"count":1,"href":"https:\/\/technologie.moreauabc.fr\/index.php\/wp-json\/wp\/v2\/pages\/96\/revisions"}],"predecessor-version":[{"id":97,"href":"https:\/\/technologie.moreauabc.fr\/index.php\/wp-json\/wp\/v2\/pages\/96\/revisions\/97"}],"wp:attachment":[{"href":"https:\/\/technologie.moreauabc.fr\/index.php\/wp-json\/wp\/v2\/media?parent=96"}],"curies":[{"name":"wp","href":"https:\/\/api.w.org\/{rel}","templated":true}]}}