{"id":786,"date":"2024-12-09T20:24:29","date_gmt":"2024-12-09T19:24:29","guid":{"rendered":"https:\/\/technologie.moreauabc.fr\/?page_id=786"},"modified":"2025-09-09T06:43:30","modified_gmt":"2025-09-09T04:43:30","slug":"s13-etude-du-portail-automatise","status":"publish","type":"page","link":"https:\/\/technologie.moreauabc.fr\/index.php\/s13-etude-du-portail-automatise\/","title":{"rendered":"4eT2C1 : Etude du portail automatis\u00e9"},"content":{"rendered":"<p style=\"text-align: center;\"><span style=\"color: #ff0000;\"><strong><span style=\"color: #008000;\">Prendre une nouvelle page et mettre en titre :<\/span><\/strong><\/span><\/p>\n<h5><strong><span style=\"color: #ff0000;\">I\u00b0) Etude du dessin d&rsquo;ensemble et de la nomenclature :<\/span><\/strong><\/h5>\n<p><strong><span style=\"color: #ff0000;\">Le dessin technique :<\/span><\/strong> <span style=\"color: #0000ff;\">(ou dessin industriel) c&rsquo;est un langage graphique pour concevoir et analyser un syst\u00e8me technique. Il existe plusieurs dessin technique comme :<\/span><\/p>\n<ul>\n<li><span style=\"color: #0000ff; font-size: 1rem;\"><strong><span style=\"color: #ff0000;\">Le croquis<\/span><\/strong> (dessin \u00e0 main lev\u00e9e pour communiquer une id\u00e9e du futur projet)<\/span><\/li>\n<li><span style=\"color: #0000ff;\"><strong><span style=\"color: #ff0000;\">le sch\u00e9ma<\/span><\/strong> (pour expliquer le fonctionnement d&rsquo;un syst\u00e8me en utilisant des symboles)<\/span><\/li>\n<li><span style=\"color: #0000ff;\"><strong><span style=\"color: #ff0000;\">le dessin d&rsquo;ensemble<\/span><\/strong> (voir toutes les pi\u00e8ces \u00e0 leur emplacement d\u00e9finitif), il est accompagn\u00e9 d&rsquo;une nomenclature permettant d&rsquo;avoir les renseignements sur les diff\u00e9rents composants identifi\u00e9s par des rep\u00e8res.<\/span><\/li>\n<li><span style=\"color: #0000ff;\"><strong><span style=\"color: #ff0000;\">le dessin de d\u00e9finition<\/span> <\/strong>(description pr\u00e9cise d&rsquo;une pi\u00e8ce)<\/span><\/li>\n<\/ul>\n<p>Vous devez ensuite r\u00e9cup\u00e9rer le fichier de travail :<\/p>\n<p>-&gt; Le fichier se trouve \u00e0 l&rsquo;arborescence suivante : <span style=\"color: #0000ff;\"><span style=\"color: #ff6600;\"><span style=\"color: #800080;\">U:\\Public\\<em>Ta Classe<\/em>\\Technologie\\S13\\<\/span>Nomenclature-portail-eleve<\/span><\/span><\/p>\n<p>-&gt; Il faut copier le fichier dans ton dossier personnel H:\\Travail&#8230; et le <span style=\"color: #ff6600;\">renomer<\/span> en rempla\u00e7ant <span style=\"color: #ff6600;\">eleve<\/span> par vos <span style=\"color: #ff6600;\">noms<\/span> (\u00e9quipe)<\/p>\n<p>Vous devez compl\u00e9ter la nomenclature en utilisant les documents techniques du portail :<\/p>\n\n\n<div class=\"wp-block-buttons is-layout-flex wp-block-buttons-is-layout-flex\">\n<div class=\"wp-block-button\"><a class=\"wp-block-button__link has-text-align-center wp-element-button\" href=\"https:\/\/technologie.moreauabc.fr\/index.php\/barriere-pivotante\/\" target=\"_blank\" rel=\"noreferrer noopener\">Voir les documents techniques du portail<\/a><\/div>\n<\/div>\n\n\n<p><em><span style=\"color: #008000;\">Pour compl\u00e9ter la colonne \u00ab\u00a0Fonction technique\u00a0\u00bb, posez-vous la question : \u00ab\u00a0<span style=\"color: #800080;\">A quoi sert ce composant ?<\/span>\u00a0\u00bb et r\u00e9pondez d&rsquo;une mani\u00e8re <span style=\"color: #800080;\">br\u00e8ve et pr\u00e9cise<\/span>.<\/span><\/em><\/p>\n<p><em><span style=\"color: #008000;\">Faites ensuite une croix dans la colonne correspondante \u00e0 l&rsquo;\u00e9l\u00e8ment :<\/span><\/em><\/p>\n<p><em><span style=\"color: #008000;\"><span style=\"color: #800080;\">Structure :<\/span> S&rsquo;il s&rsquo;agit d&rsquo;un \u00e9l\u00e9ment de ma\u00e7onnerie<\/span><\/em><\/p>\n<p><em><span style=\"color: #008000;\"><span style=\"color: #800080;\">Cha\u00eene d&rsquo;information :<\/span> S&rsquo;il s&rsquo;agit d&rsquo;une information pour le syst\u00e8me (Capter une donn\u00e9e, traiter des donn\u00e9es, communiquer des informations&#8230;)<\/span><\/em><\/p>\n<p><em><span style=\"color: #008000;\"><span style=\"color: #800080;\">Cha\u00eene d&rsquo;\u00e9nergie :<\/span> S&rsquo;il s&rsquo;agit d&rsquo;une \u00e9nergie (stockage, conversion, distribution)<\/span><\/em><\/p>\n<p>Tournez la page de votre cahier pour laisser de la place pour la correction.<\/p>\n<p>Ecrire ensuite :<\/p>\n<p><span style=\"color: #ff0000;\"><strong>II\u00b0) Cha\u00eene d&rsquo;\u00e9nergie et d&rsquo;informations :<\/strong><\/span><\/p>\n<p><strong><span style=\"color: #ff0000;\">La cha\u00eene d&rsquo;\u00e9nergie<\/span><\/strong> <span style=\"color: #0000ff;\">repr\u00e9sente l&rsquo;ensemble des proc\u00e9d\u00e9s qui vont r\u00e9aliser une action.\u00a0<\/span><\/p>\n<p><span style=\"color: #0000ff;\"><strong><span style=\"color: #ff0000;\">La cha\u00eene d&rsquo;information<\/span><\/strong> repr\u00e9sente l&rsquo;ensemble des proc\u00e9d\u00e9s qui vont traiter l&rsquo;information. <\/span><\/p>\n<p><span style=\"color: #0000ff;\">On peut d\u00e9couper ces deux cha\u00eenes en plusieurs blocs fonctionnels :<\/span><\/p>\n<p><em><span style=\"color: #008000;\">Collez le document ci-dessous\u00a0<\/span><\/em><\/p>\n\n\n<figure class=\"wp-block-image aligncenter size-large\"><img loading=\"lazy\" decoding=\"async\" width=\"1024\" height=\"481\" src=\"https:\/\/technologie.moreauabc.fr\/wp-content\/uploads\/2025\/03\/Schema-CE-CI-1024x481.jpg\" alt=\"\" class=\"wp-image-988\" srcset=\"https:\/\/technologie.moreauabc.fr\/wp-content\/uploads\/2025\/03\/Schema-CE-CI-1024x481.jpg 1024w, https:\/\/technologie.moreauabc.fr\/wp-content\/uploads\/2025\/03\/Schema-CE-CI-300x141.jpg 300w, https:\/\/technologie.moreauabc.fr\/wp-content\/uploads\/2025\/03\/Schema-CE-CI-768x361.jpg 768w, https:\/\/technologie.moreauabc.fr\/wp-content\/uploads\/2025\/03\/Schema-CE-CI.jpg 1340w\" sizes=\"auto, (max-width: 1024px) 100vw, 1024px\" \/><\/figure>\n\n\n\n<figure class=\"wp-block-embed is-type-video is-provider-youtube wp-block-embed-youtube wp-embed-aspect-16-9 wp-has-aspect-ratio\"><div class=\"wp-block-embed__wrapper\">\n<iframe loading=\"lazy\" title=\"Cha\u00eene d&#039;information et cha\u00eene d&#039;\u00e9nergie\" width=\"500\" height=\"281\" src=\"https:\/\/www.youtube.com\/embed\/uBcx25yGnKA?feature=oembed\" frameborder=\"0\" allow=\"accelerometer; autoplay; clipboard-write; encrypted-media; gyroscope; picture-in-picture; web-share\" referrerpolicy=\"strict-origin-when-cross-origin\" allowfullscreen><\/iframe>\n<\/div><\/figure>\n\n\n<p>Vous devez ensuite r\u00e9cup\u00e9rer le fichier de travail :<\/p>\n<p>-&gt; Le fichier se trouve \u00e0 l&rsquo;arborescence suivante : <span style=\"color: #0000ff;\"><span style=\"color: #ff6600;\"><span style=\"color: #800080;\">U:\\Public\\<em>Ta Classe<\/em>\\Technologie\\S13\\<span style=\"color: #ff6600;\">ChaineNRJ-Info<\/span><\/span>-portail-eleve<\/span><\/span><\/p>\n<p>-&gt; Il faut copier le fichier dans ton dossier personnel H:\\Travail&#8230; et le <span style=\"color: #ff6600;\">renomer<\/span> en rempla\u00e7ant <span style=\"color: #ff6600;\">eleve<\/span> par vos <span style=\"color: #ff6600;\">noms<\/span> (\u00e9quipe)<\/p>\n<p>Vous devez compl\u00e9ter la cha\u00eene d&rsquo;\u00e9nergie et d&rsquo;information en utilisant les documents techniques du portail :<\/p>\n<\/p>\n\n\n<div class=\"wp-block-buttons is-layout-flex wp-block-buttons-is-layout-flex\">\n<div class=\"wp-block-button\"><a class=\"wp-block-button__link wp-element-button\" href=\"https:\/\/technologie.moreauabc.fr\/index.php\/barriere-pivotante\/\" target=\"_blank\" rel=\"noreferrer noopener\">Voir les documents techniques du portail<\/a><\/div>\n<\/div>\n\n\n<p><span style=\"color: #ff0000;\"><strong>III\u00b0) Algorithme :<\/strong><\/span><\/p>\n<p><span style=\"color: #0000ff;\">Un algorithme est une suite logique d&rsquo;op\u00e9rations qui fournit automatiquement un r\u00e9sultat exact \u00e0 un probl\u00e8me pos\u00e9. Il se caract\u00e9rise par un d\u00e9but et une fin (ou une r\u00e9p\u00e9tition infinie), des \u00e9tapes ; des op\u00e9rations \u00e0 ex\u00e9cuter \u00e0 l&rsquo;int\u00e9rieur de chaque \u00e9tape, \u00e9ventuellement, l&rsquo;existence de conditions d\u00e9terminant l&rsquo;ex\u00e9cution ou la non-ex\u00e9cution de certaines \u00e9tapes.<br \/><\/span><span style=\"color: #0000ff;\">La repr\u00e9sentation graphique se nomme un organigramme, ou un algorigramme; cet outil utilise des symbolesnormalis\u00e9s.<\/span><\/p>\n<p>Coller ici le document organigramme<\/p>\n\n\n<div data-wp-interactive=\"core\/file\" class=\"wp-block-file\"><object data-wp-bind--hidden=\"!state.hasPdfPreview\" hidden class=\"wp-block-file__embed\" data=\"https:\/\/technologie.moreauabc.fr\/wp-content\/uploads\/2025\/01\/Fiche-organigramme-V2.pdf\" type=\"application\/pdf\" style=\"width:100%;height:600px\" aria-label=\"Contenu embarqu\u00e9 Fiche organigramme V2.\"><\/object><a id=\"wp-block-file--media-bb4713b1-4d14-4d5c-affb-cc09257c585b\" href=\"https:\/\/technologie.moreauabc.fr\/wp-content\/uploads\/2025\/01\/Fiche-organigramme-V2.pdf\">Fiche organigramme V2<\/a><a href=\"https:\/\/technologie.moreauabc.fr\/wp-content\/uploads\/2025\/01\/Fiche-organigramme-V2.pdf\" class=\"wp-block-file__button wp-element-button\" download aria-describedby=\"wp-block-file--media-bb4713b1-4d14-4d5c-affb-cc09257c585b\">T\u00e9l\u00e9charger<\/a><\/div>\n\n\n<p>En vous aidant des documents ressources et la vid\u00e9o de fonctionnement de la barri\u00e8re, r\u00e9alisez l&rsquo;organigramme de la barri\u00e8re sur draw IO.\u00a0<\/p>\n\n\n<div class=\"wp-block-buttons is-layout-flex wp-block-buttons-is-layout-flex\">\n<div class=\"wp-block-button\"><a class=\"wp-block-button__link wp-element-button\" href=\"https:\/\/technologie.moreauabc.fr\/index.php\/2025\/01\/11\/organigramme\/\" target=\"_blank\" rel=\"noreferrer noopener\">Documents ressources pour cette activit\u00e9<\/a><\/div>\n<\/div>\n\n\n<p><iframe loading=\"lazy\" title=\"Programmation organigramme - portail pivotant\" width=\"560\" height=\"315\" src=\"https:\/\/tube-sciences-technologies.apps.education.fr\/videos\/embed\/f903cad3-4bef-4f2d-b53a-5ff88d872916\" frameborder=\"0\" allowfullscreen=\"\" sandbox=\"allow-same-origin allow-scripts allow-popups allow-forms\"><\/iframe><\/p>\n\n\n<p><span style=\"color: #ff0000;\"><strong>IV\u00b0) Programmation par blocs :<\/strong><\/span><\/p>\n<p>-&gt; Le fichier se trouve \u00e0 l\u2019arborescence suivante : U:\\Public\\<em>Ta Classe<\/em>\\Technologie\\S14\\Blocs-Barri\u00e8re-pivotante-eleve<\/p>\n<p>-&gt; Il faut copier le fichier dans ton dossier personnel H:\\Travail\u2026 et le renomer en rempla\u00e7ant eleve par vos noms (\u00e9quipe)<\/p>\n<p>-&gt; Ouvre le fichier et termine le programme<\/p>\n<p>-&gt; Appel ton professeur pour venir essayer ton programme sur la maquette<\/p>\n<p>-&gt; Noublie pas de sauvegarder quand tu as termin\u00e9 \ud83d\ude09<\/p>\n<p><span style=\"color: #008000;\"><strong>Pour aller plus loin :<\/strong><\/span><\/p>\n<p>Tu peux essayer de programmer la t\u00e9l\u00e9commande en observant la documentation technique ci-dessous :<\/p>\n\n\n<div data-wp-interactive=\"core\/file\" class=\"wp-block-file\"><object data-wp-bind--hidden=\"!state.hasPdfPreview\" hidden class=\"wp-block-file__embed\" data=\"https:\/\/technologie.moreauabc.fr\/wp-content\/uploads\/2025\/02\/Guide-Ressources-Michael.pdf\" type=\"application\/pdf\" style=\"width:100%;height:600px\" aria-label=\"Contenu embarqu\u00e9 Guide-Ressources-Micha\u00ebl.\"><\/object><a id=\"wp-block-file--media-1fbb058c-bfd1-4857-8665-aa5e0d94c26d\" href=\"https:\/\/technologie.moreauabc.fr\/wp-content\/uploads\/2025\/02\/Guide-Ressources-Michael.pdf\">Guide-Ressources-Micha\u00ebl<\/a><a href=\"https:\/\/technologie.moreauabc.fr\/wp-content\/uploads\/2025\/02\/Guide-Ressources-Michael.pdf\" class=\"wp-block-file__button wp-element-button\" download aria-describedby=\"wp-block-file--media-1fbb058c-bfd1-4857-8665-aa5e0d94c26d\">T\u00e9l\u00e9charger<\/a><\/div>\n","protected":false},"excerpt":{"rendered":"<p>Prendre une nouvelle page et mettre en titre : I\u00b0) Etude du dessin d&rsquo;ensemble et de la nomenclature : Le dessin technique : (ou dessin industriel) c&rsquo;est un langage graphique pour concevoir et analyser un syst\u00e8me technique. Il existe plusieurs dessin technique comme : Le croquis (dessin \u00e0 main lev\u00e9e pour communiquer une id\u00e9e du [&hellip;]<\/p>\n","protected":false},"author":1,"featured_media":0,"parent":0,"menu_order":0,"comment_status":"closed","ping_status":"closed","template":"","meta":{"site-sidebar-layout":"default","site-content-layout":"","ast-site-content-layout":"default","site-content-style":"default","site-sidebar-style":"default","ast-global-header-display":"","ast-banner-title-visibility":"","ast-main-header-display":"","ast-hfb-above-header-display":"","ast-hfb-below-header-display":"","ast-hfb-mobile-header-display":"","site-post-title":"","ast-breadcrumbs-content":"","ast-featured-img":"","footer-sml-layout":"","ast-disable-related-posts":"","theme-transparent-header-meta":"","adv-header-id-meta":"","stick-header-meta":"","header-above-stick-meta":"","header-main-stick-meta":"","header-below-stick-meta":"","astra-migrate-meta-layouts":"set","ast-page-background-enabled":"default","ast-page-background-meta":{"desktop":{"background-color":"var(--ast-global-color-4)","background-image":"","background-repeat":"repeat","background-position":"center center","background-size":"auto","background-attachment":"scroll","background-type":"","background-media":"","overlay-type":"","overlay-color":"","overlay-opacity":"","overlay-gradient":""},"tablet":{"background-color":"","background-image":"","background-repeat":"repeat","background-position":"center center","background-size":"auto","background-attachment":"scroll","background-type":"","background-media":"","overlay-type":"","overlay-color":"","overlay-opacity":"","overlay-gradient":""},"mobile":{"background-color":"","background-image":"","background-repeat":"repeat","background-position":"center center","background-size":"auto","background-attachment":"scroll","background-type":"","background-media":"","overlay-type":"","overlay-color":"","overlay-opacity":"","overlay-gradient":""}},"ast-content-background-meta":{"desktop":{"background-color":"var(--ast-global-color-5)","background-image":"","background-repeat":"repeat","background-position":"center center","background-size":"auto","background-attachment":"scroll","background-type":"","background-media":"","overlay-type":"","overlay-color":"","overlay-opacity":"","overlay-gradient":""},"tablet":{"background-color":"var(--ast-global-color-5)","background-image":"","background-repeat":"repeat","background-position":"center center","background-size":"auto","background-attachment":"scroll","background-type":"","background-media":"","overlay-type":"","overlay-color":"","overlay-opacity":"","overlay-gradient":""},"mobile":{"background-color":"var(--ast-global-color-5)","background-image":"","background-repeat":"repeat","background-position":"center center","background-size":"auto","background-attachment":"scroll","background-type":"","background-media":"","overlay-type":"","overlay-color":"","overlay-opacity":"","overlay-gradient":""}},"footnotes":""},"class_list":["post-786","page","type-page","status-publish","hentry"],"_links":{"self":[{"href":"https:\/\/technologie.moreauabc.fr\/index.php\/wp-json\/wp\/v2\/pages\/786","targetHints":{"allow":["GET"]}}],"collection":[{"href":"https:\/\/technologie.moreauabc.fr\/index.php\/wp-json\/wp\/v2\/pages"}],"about":[{"href":"https:\/\/technologie.moreauabc.fr\/index.php\/wp-json\/wp\/v2\/types\/page"}],"author":[{"embeddable":true,"href":"https:\/\/technologie.moreauabc.fr\/index.php\/wp-json\/wp\/v2\/users\/1"}],"replies":[{"embeddable":true,"href":"https:\/\/technologie.moreauabc.fr\/index.php\/wp-json\/wp\/v2\/comments?post=786"}],"version-history":[{"count":30,"href":"https:\/\/technologie.moreauabc.fr\/index.php\/wp-json\/wp\/v2\/pages\/786\/revisions"}],"predecessor-version":[{"id":1097,"href":"https:\/\/technologie.moreauabc.fr\/index.php\/wp-json\/wp\/v2\/pages\/786\/revisions\/1097"}],"wp:attachment":[{"href":"https:\/\/technologie.moreauabc.fr\/index.php\/wp-json\/wp\/v2\/media?parent=786"}],"curies":[{"name":"wp","href":"https:\/\/api.w.org\/{rel}","templated":true}]}}