{"id":251,"date":"2023-09-20T20:28:07","date_gmt":"2023-09-20T18:28:07","guid":{"rendered":"https:\/\/technologie.moreauabc.fr\/?page_id=251"},"modified":"2024-09-23T06:19:54","modified_gmt":"2024-09-23T04:19:54","slug":"fiches-revisions","status":"publish","type":"page","link":"https:\/\/technologie.moreauabc.fr\/index.php\/fiches-revisions\/","title":{"rendered":"Fiches r\u00e9visions"},"content":{"rendered":"\n<div data-wp-interactive=\"core\/file\" class=\"wp-block-file\"><object data-wp-bind--hidden=\"!state.hasPdfPreview\" hidden class=\"wp-block-file__embed\" data=\"https:\/\/technologie.moreauabc.fr\/wp-content\/uploads\/2023\/09\/CS5.6-Reseau-informatique.pdf\" type=\"application\/pdf\" style=\"width:100%;height:600px\" aria-label=\"Contenu embarqu\u00e9 CS5.6-R\u00e9seau informatique.\"><\/object><a id=\"wp-block-file--media-c3ef60b2-6079-4c10-b08a-a910d9d1d4fa\" href=\"https:\/\/technologie.moreauabc.fr\/wp-content\/uploads\/2023\/09\/CS5.6-Reseau-informatique.pdf\">CS5.6-R\u00e9seau informatique<\/a><a href=\"https:\/\/technologie.moreauabc.fr\/wp-content\/uploads\/2023\/09\/CS5.6-Reseau-informatique.pdf\" class=\"wp-block-file__button wp-element-button\" download aria-describedby=\"wp-block-file--media-c3ef60b2-6079-4c10-b08a-a910d9d1d4fa\">T\u00e9l\u00e9charger<\/a><\/div>\n\n\n\n<div data-wp-interactive=\"core\/file\" class=\"wp-block-file\"><object data-wp-bind--hidden=\"!state.hasPdfPreview\" hidden class=\"wp-block-file__embed\" data=\"https:\/\/technologie.moreauabc.fr\/wp-content\/uploads\/2023\/09\/CT1.1-Imaginer-synthetiser-et-respecter-une-procedure-un-protocole.pdf\" type=\"application\/pdf\" style=\"width:100%;height:600px\" aria-label=\"Contenu embarqu\u00e9 CT1.1-Imaginer, synth\u00e9tiser et respecter une proc\u00e9dure, un protocole.\"><\/object><a id=\"wp-block-file--media-5be2dca3-463c-40fb-b888-bbc9df56d9cc\" href=\"https:\/\/technologie.moreauabc.fr\/wp-content\/uploads\/2023\/09\/CT1.1-Imaginer-synthetiser-et-respecter-une-procedure-un-protocole.pdf\">CT1.1-Imaginer, synth\u00e9tiser et respecter une proc\u00e9dure, un protocole<\/a><a href=\"https:\/\/technologie.moreauabc.fr\/wp-content\/uploads\/2023\/09\/CT1.1-Imaginer-synthetiser-et-respecter-une-procedure-un-protocole.pdf\" class=\"wp-block-file__button wp-element-button\" download aria-describedby=\"wp-block-file--media-5be2dca3-463c-40fb-b888-bbc9df56d9cc\">T\u00e9l\u00e9charger<\/a><\/div>\n\n\n\n<div data-wp-interactive=\"core\/file\" class=\"wp-block-file\"><object data-wp-bind--hidden=\"!state.hasPdfPreview\" hidden class=\"wp-block-file__embed\" data=\"https:\/\/technologie.moreauabc.fr\/wp-content\/uploads\/2023\/09\/CT1.2-Mesurer-des-grandeurs-de-maniere-directe-ou-indirecte.pdf\" type=\"application\/pdf\" style=\"width:100%;height:600px\" aria-label=\"Contenu embarqu\u00e9 CT1.2-Mesurer des grandeurs de mani\u00e8re directe ou indirecte.\"><\/object><a id=\"wp-block-file--media-33a7d029-9baa-4100-a791-d801a15f3c32\" href=\"https:\/\/technologie.moreauabc.fr\/wp-content\/uploads\/2023\/09\/CT1.2-Mesurer-des-grandeurs-de-maniere-directe-ou-indirecte.pdf\">CT1.2-Mesurer des grandeurs de mani\u00e8re directe ou indirecte<\/a><a href=\"https:\/\/technologie.moreauabc.fr\/wp-content\/uploads\/2023\/09\/CT1.2-Mesurer-des-grandeurs-de-maniere-directe-ou-indirecte.pdf\" class=\"wp-block-file__button wp-element-button\" download aria-describedby=\"wp-block-file--media-33a7d029-9baa-4100-a791-d801a15f3c32\">T\u00e9l\u00e9charger<\/a><\/div>\n\n\n\n<div data-wp-interactive=\"core\/file\" class=\"wp-block-file\"><object data-wp-bind--hidden=\"!state.hasPdfPreview\" hidden class=\"wp-block-file__embed\" data=\"https:\/\/technologie.moreauabc.fr\/wp-content\/uploads\/2023\/09\/CT1.4-Organisation-deroulement-projet.pdf\" type=\"application\/pdf\" style=\"width:100%;height:600px\" aria-label=\"Contenu embarqu\u00e9 CT1.4-Organisation - d\u00e9roulement projet.\"><\/object><a id=\"wp-block-file--media-0ccaa0b1-e248-4510-9337-87f8e98538cf\" href=\"https:\/\/technologie.moreauabc.fr\/wp-content\/uploads\/2023\/09\/CT1.4-Organisation-deroulement-projet.pdf\">CT1.4-Organisation &#8211; d\u00e9roulement projet<\/a><a href=\"https:\/\/technologie.moreauabc.fr\/wp-content\/uploads\/2023\/09\/CT1.4-Organisation-deroulement-projet.pdf\" class=\"wp-block-file__button wp-element-button\" download aria-describedby=\"wp-block-file--media-0ccaa0b1-e248-4510-9337-87f8e98538cf\">T\u00e9l\u00e9charger<\/a><\/div>\n\n\n\n<div data-wp-interactive=\"core\/file\" class=\"wp-block-file\"><object data-wp-bind--hidden=\"!state.hasPdfPreview\" hidden class=\"wp-block-file__embed\" data=\"https:\/\/technologie.moreauabc.fr\/wp-content\/uploads\/2023\/09\/CT2.1-Identifier-un-besoin-et-enoncer-un-probleme-technique.pdf\" type=\"application\/pdf\" style=\"width:100%;height:600px\" aria-label=\"Contenu embarqu\u00e9 CT2.1-Identifier un besoin et \u00e9noncer un probl\u00e8me technique.\"><\/object><a id=\"wp-block-file--media-9213a9b8-47c3-4b0a-8556-1b363b33ffb7\" href=\"https:\/\/technologie.moreauabc.fr\/wp-content\/uploads\/2023\/09\/CT2.1-Identifier-un-besoin-et-enoncer-un-probleme-technique.pdf\">CT2.1-Identifier un besoin et \u00e9noncer un probl\u00e8me technique<\/a><a href=\"https:\/\/technologie.moreauabc.fr\/wp-content\/uploads\/2023\/09\/CT2.1-Identifier-un-besoin-et-enoncer-un-probleme-technique.pdf\" class=\"wp-block-file__button wp-element-button\" download aria-describedby=\"wp-block-file--media-9213a9b8-47c3-4b0a-8556-1b363b33ffb7\">T\u00e9l\u00e9charger<\/a><\/div>\n\n\n\n<div data-wp-interactive=\"core\/file\" class=\"wp-block-file\"><object data-wp-bind--hidden=\"!state.hasPdfPreview\" hidden class=\"wp-block-file__embed\" data=\"https:\/\/technologie.moreauabc.fr\/wp-content\/uploads\/2024\/04\/CT2.2-Identifier-les-flux-denergie-sur-un-objet-et-decrire-les-transformations-qui-soperent.pdf\" type=\"application\/pdf\" style=\"width:100%;height:600px\" aria-label=\"Contenu embarqu\u00e9 CT2.2-Identifier les flux d&apos;\u00e9nergie sur un objet et d\u00e9crire les transformations qui s&apos;op\u00e8rent.\"><\/object><a id=\"wp-block-file--media-5f488f20-5fe8-428a-b290-09a929643fef\" href=\"https:\/\/technologie.moreauabc.fr\/wp-content\/uploads\/2024\/04\/CT2.2-Identifier-les-flux-denergie-sur-un-objet-et-decrire-les-transformations-qui-soperent.pdf\">CT2.2-Identifier les flux d&rsquo;\u00e9nergie sur un objet et d\u00e9crire les transformations qui s&rsquo;op\u00e8rent<\/a><a href=\"https:\/\/technologie.moreauabc.fr\/wp-content\/uploads\/2024\/04\/CT2.2-Identifier-les-flux-denergie-sur-un-objet-et-decrire-les-transformations-qui-soperent.pdf\" class=\"wp-block-file__button wp-element-button\" download aria-describedby=\"wp-block-file--media-5f488f20-5fe8-428a-b290-09a929643fef\">T\u00e9l\u00e9charger<\/a><\/div>\n\n\n\n<div data-wp-interactive=\"core\/file\" class=\"wp-block-file\"><object data-wp-bind--hidden=\"!state.hasPdfPreview\" hidden class=\"wp-block-file__embed\" data=\"https:\/\/technologie.moreauabc.fr\/wp-content\/uploads\/2023\/09\/CT2.3-Sapproprier-un-cahier-des-charges.pdf\" type=\"application\/pdf\" style=\"width:100%;height:600px\" aria-label=\"Contenu embarqu\u00e9 CT2.3-S&apos;approprier un cahier des charges.\"><\/object><a id=\"wp-block-file--media-10ce2328-cb70-4dde-bf31-1a0932a23abc\" href=\"https:\/\/technologie.moreauabc.fr\/wp-content\/uploads\/2023\/09\/CT2.3-Sapproprier-un-cahier-des-charges.pdf\">CT2.3-S&rsquo;approprier un cahier des charges<\/a><a href=\"https:\/\/technologie.moreauabc.fr\/wp-content\/uploads\/2023\/09\/CT2.3-Sapproprier-un-cahier-des-charges.pdf\" class=\"wp-block-file__button wp-element-button\" download aria-describedby=\"wp-block-file--media-10ce2328-cb70-4dde-bf31-1a0932a23abc\">T\u00e9l\u00e9charger<\/a><\/div>\n\n\n\n<div data-wp-interactive=\"core\/file\" class=\"wp-block-file\"><object data-wp-bind--hidden=\"!state.hasPdfPreview\" hidden class=\"wp-block-file__embed\" data=\"https:\/\/technologie.moreauabc.fr\/wp-content\/uploads\/2023\/09\/CT2.4-Associer-des-solutions-techniques-a-des-fonctions.pdf\" type=\"application\/pdf\" style=\"width:100%;height:600px\" aria-label=\"Contenu embarqu\u00e9 CT2.4-Associer des solutions techniques \u00e0 des fonctions.\"><\/object><a id=\"wp-block-file--media-f1a4eb5d-6d54-4674-af68-e2040f17c879\" href=\"https:\/\/technologie.moreauabc.fr\/wp-content\/uploads\/2023\/09\/CT2.4-Associer-des-solutions-techniques-a-des-fonctions.pdf\">CT2.4-Associer des solutions techniques \u00e0 des fonctions<\/a><a href=\"https:\/\/technologie.moreauabc.fr\/wp-content\/uploads\/2023\/09\/CT2.4-Associer-des-solutions-techniques-a-des-fonctions.pdf\" class=\"wp-block-file__button wp-element-button\" download aria-describedby=\"wp-block-file--media-f1a4eb5d-6d54-4674-af68-e2040f17c879\">T\u00e9l\u00e9charger<\/a><\/div>\n\n\n\n<div data-wp-interactive=\"core\/file\" class=\"wp-block-file\"><object data-wp-bind--hidden=\"!state.hasPdfPreview\" hidden class=\"wp-block-file__embed\" data=\"https:\/\/technologie.moreauabc.fr\/wp-content\/uploads\/2023\/09\/CT3.1-Exprimer-sa-pensee-a-laide-doutils-de-descritpion-adaptes-croquis.pdf\" type=\"application\/pdf\" style=\"width:100%;height:600px\" aria-label=\"Contenu embarqu\u00e9 CT3.1 Exprimer sa pens\u00e9e \u00e0 l&apos;aide d&apos;outils de descritpion adapt\u00e9s croquis.\"><\/object><a id=\"wp-block-file--media-5bd52b96-7676-4fc3-9085-1391bf556fd5\" href=\"https:\/\/technologie.moreauabc.fr\/wp-content\/uploads\/2023\/09\/CT3.1-Exprimer-sa-pensee-a-laide-doutils-de-descritpion-adaptes-croquis.pdf\">CT3.1 Exprimer sa pens\u00e9e \u00e0 l&rsquo;aide d&rsquo;outils de descritpion adapt\u00e9s croquis<\/a><a href=\"https:\/\/technologie.moreauabc.fr\/wp-content\/uploads\/2023\/09\/CT3.1-Exprimer-sa-pensee-a-laide-doutils-de-descritpion-adaptes-croquis.pdf\" class=\"wp-block-file__button wp-element-button\" download aria-describedby=\"wp-block-file--media-5bd52b96-7676-4fc3-9085-1391bf556fd5\">T\u00e9l\u00e9charger<\/a><\/div>\n\n\n\n<div data-wp-interactive=\"core\/file\" class=\"wp-block-file\"><object data-wp-bind--hidden=\"!state.hasPdfPreview\" hidden class=\"wp-block-file__embed\" data=\"https:\/\/technologie.moreauabc.fr\/wp-content\/uploads\/2023\/09\/CT3.3-Presenter-a-loral-a-laide-de-supports-numeriques-Diaporama.pdf\" type=\"application\/pdf\" style=\"width:100%;height:600px\" aria-label=\"Contenu embarqu\u00e9 CT3.3-Pr\u00e9senter \u00e0 l&apos;oral \u00e0 l&apos;aide de supports num\u00e9riques-Diaporama.\"><\/object><a id=\"wp-block-file--media-8d973fa8-5e73-4bc0-9933-85002b29721e\" href=\"https:\/\/technologie.moreauabc.fr\/wp-content\/uploads\/2023\/09\/CT3.3-Presenter-a-loral-a-laide-de-supports-numeriques-Diaporama.pdf\">CT3.3-Pr\u00e9senter \u00e0 l&rsquo;oral \u00e0 l&rsquo;aide de supports num\u00e9riques-Diaporama<\/a><a href=\"https:\/\/technologie.moreauabc.fr\/wp-content\/uploads\/2023\/09\/CT3.3-Presenter-a-loral-a-laide-de-supports-numeriques-Diaporama.pdf\" class=\"wp-block-file__button wp-element-button\" download aria-describedby=\"wp-block-file--media-8d973fa8-5e73-4bc0-9933-85002b29721e\">T\u00e9l\u00e9charger<\/a><\/div>\n\n\n\n<div data-wp-interactive=\"core\/file\" class=\"wp-block-file\"><object data-wp-bind--hidden=\"!state.hasPdfPreview\" hidden class=\"wp-block-file__embed\" data=\"https:\/\/technologie.moreauabc.fr\/wp-content\/uploads\/2023\/09\/CT4.2-5.5-Chaine-dinformation-Programmation.pdf\" type=\"application\/pdf\" style=\"width:100%;height:600px\" aria-label=\"Contenu embarqu\u00e9 CT4.2 &amp; 5.5-Cha\u00eene d&apos;information Programmation.\"><\/object><a id=\"wp-block-file--media-2da73a74-7f4a-4b6f-83d1-2df91405039a\" href=\"https:\/\/technologie.moreauabc.fr\/wp-content\/uploads\/2023\/09\/CT4.2-5.5-Chaine-dinformation-Programmation.pdf\">CT4.2 &#038; 5.5-Cha\u00eene d&rsquo;information Programmation<\/a><a href=\"https:\/\/technologie.moreauabc.fr\/wp-content\/uploads\/2023\/09\/CT4.2-5.5-Chaine-dinformation-Programmation.pdf\" class=\"wp-block-file__button wp-element-button\" download aria-describedby=\"wp-block-file--media-2da73a74-7f4a-4b6f-83d1-2df91405039a\">T\u00e9l\u00e9charger<\/a><\/div>\n\n\n\n<div data-wp-interactive=\"core\/file\" class=\"wp-block-file\"><object data-wp-bind--hidden=\"!state.hasPdfPreview\" hidden class=\"wp-block-file__embed\" data=\"https:\/\/technologie.moreauabc.fr\/wp-content\/uploads\/2023\/09\/CT5.2-Organiser-structurer-et-stocker-des-ressources.pdf\" type=\"application\/pdf\" style=\"width:100%;height:600px\" aria-label=\"Contenu embarqu\u00e9 CT5.2-Organiser, structurer et stocker des ressources.\"><\/object><a id=\"wp-block-file--media-6f690981-9596-4a0f-a1c4-4f0cac0d41ba\" href=\"https:\/\/technologie.moreauabc.fr\/wp-content\/uploads\/2023\/09\/CT5.2-Organiser-structurer-et-stocker-des-ressources.pdf\">CT5.2-Organiser, structurer et stocker des ressources<\/a><a href=\"https:\/\/technologie.moreauabc.fr\/wp-content\/uploads\/2023\/09\/CT5.2-Organiser-structurer-et-stocker-des-ressources.pdf\" class=\"wp-block-file__button wp-element-button\" download aria-describedby=\"wp-block-file--media-6f690981-9596-4a0f-a1c4-4f0cac0d41ba\">T\u00e9l\u00e9charger<\/a><\/div>\n\n\n\n<div data-wp-interactive=\"core\/file\" class=\"wp-block-file\"><object data-wp-bind--hidden=\"!state.hasPdfPreview\" hidden class=\"wp-block-file__embed\" data=\"https:\/\/technologie.moreauabc.fr\/wp-content\/uploads\/2023\/09\/CT5.5-Modifier-ou-parametrer-le-fonctionnement-dun-objet-communicant.pdf\" type=\"application\/pdf\" style=\"width:100%;height:600px\" aria-label=\"Contenu embarqu\u00e9 CT5.5-Modifier ou param\u00e9trer le fonctionnement d&apos;un objet communicant.\"><\/object><a id=\"wp-block-file--media-b5a8f5b3-29ce-4143-a312-f6dfed2ea1a6\" href=\"https:\/\/technologie.moreauabc.fr\/wp-content\/uploads\/2023\/09\/CT5.5-Modifier-ou-parametrer-le-fonctionnement-dun-objet-communicant.pdf\">CT5.5-Modifier ou param\u00e9trer le fonctionnement d&rsquo;un objet communicant<\/a><a href=\"https:\/\/technologie.moreauabc.fr\/wp-content\/uploads\/2023\/09\/CT5.5-Modifier-ou-parametrer-le-fonctionnement-dun-objet-communicant.pdf\" class=\"wp-block-file__button wp-element-button\" download aria-describedby=\"wp-block-file--media-b5a8f5b3-29ce-4143-a312-f6dfed2ea1a6\">T\u00e9l\u00e9charger<\/a><\/div>\n\n\n\n<div data-wp-interactive=\"core\/file\" class=\"wp-block-file\"><object data-wp-bind--hidden=\"!state.hasPdfPreview\" hidden class=\"wp-block-file__embed\" data=\"https:\/\/technologie.moreauabc.fr\/wp-content\/uploads\/2023\/09\/CT6.1-Developper-les-bonnes-pratiques-objets-com.pdf\" type=\"application\/pdf\" style=\"width:100%;height:600px\" aria-label=\"Contenu embarqu\u00e9 CT6.1-D\u00e9velopper les bonnes pratiques objets com.\"><\/object><a id=\"wp-block-file--media-05866e0b-f7e8-453a-abe5-3c9012751626\" href=\"https:\/\/technologie.moreauabc.fr\/wp-content\/uploads\/2023\/09\/CT6.1-Developper-les-bonnes-pratiques-objets-com.pdf\">CT6.1-D\u00e9velopper les bonnes pratiques objets com<\/a><a href=\"https:\/\/technologie.moreauabc.fr\/wp-content\/uploads\/2023\/09\/CT6.1-Developper-les-bonnes-pratiques-objets-com.pdf\" class=\"wp-block-file__button wp-element-button\" download aria-describedby=\"wp-block-file--media-05866e0b-f7e8-453a-abe5-3c9012751626\">T\u00e9l\u00e9charger<\/a><\/div>\n\n\n\n<div data-wp-interactive=\"core\/file\" class=\"wp-block-file\"><object data-wp-bind--hidden=\"!state.hasPdfPreview\" hidden class=\"wp-block-file__embed\" data=\"https:\/\/technologie.moreauabc.fr\/wp-content\/uploads\/2024\/04\/CT6.2-Analyser-limpact-environnemental-dun-objet-et-de-ses-constituants.pdf\" type=\"application\/pdf\" style=\"width:100%;height:600px\" aria-label=\"Contenu embarqu\u00e9 CT6.2-Analyser l&apos;impact environnemental d&apos;un objet et de ses constituants.\"><\/object><a id=\"wp-block-file--media-1d77adbc-3a96-4e65-865c-b1f108e7d48f\" href=\"https:\/\/technologie.moreauabc.fr\/wp-content\/uploads\/2024\/04\/CT6.2-Analyser-limpact-environnemental-dun-objet-et-de-ses-constituants.pdf\">CT6.2-Analyser l&rsquo;impact environnemental d&rsquo;un objet et de ses constituants<\/a><a href=\"https:\/\/technologie.moreauabc.fr\/wp-content\/uploads\/2024\/04\/CT6.2-Analyser-limpact-environnemental-dun-objet-et-de-ses-constituants.pdf\" class=\"wp-block-file__button wp-element-button\" download aria-describedby=\"wp-block-file--media-1d77adbc-3a96-4e65-865c-b1f108e7d48f\">T\u00e9l\u00e9charger<\/a><\/div>\n","protected":false},"excerpt":{"rendered":"","protected":false},"author":1,"featured_media":0,"parent":0,"menu_order":0,"comment_status":"closed","ping_status":"closed","template":"","meta":{"site-sidebar-layout":"default","site-content-layout":"","ast-site-content-layout":"default","site-content-style":"default","site-sidebar-style":"default","ast-global-header-display":"","ast-banner-title-visibility":"","ast-main-header-display":"","ast-hfb-above-header-display":"","ast-hfb-below-header-display":"","ast-hfb-mobile-header-display":"","site-post-title":"","ast-breadcrumbs-content":"","ast-featured-img":"","footer-sml-layout":"","ast-disable-related-posts":"","theme-transparent-header-meta":"","adv-header-id-meta":"","stick-header-meta":"","header-above-stick-meta":"","header-main-stick-meta":"","header-below-stick-meta":"","astra-migrate-meta-layouts":"set","ast-page-background-enabled":"default","ast-page-background-meta":{"desktop":{"background-color":"var(--ast-global-color-4)","background-image":"","background-repeat":"repeat","background-position":"center center","background-size":"auto","background-attachment":"scroll","background-type":"","background-media":"","overlay-type":"","overlay-color":"","overlay-opacity":"","overlay-gradient":""},"tablet":{"background-color":"","background-image":"","background-repeat":"repeat","background-position":"center center","background-size":"auto","background-attachment":"scroll","background-type":"","background-media":"","overlay-type":"","overlay-color":"","overlay-opacity":"","overlay-gradient":""},"mobile":{"background-color":"","background-image":"","background-repeat":"repeat","background-position":"center center","background-size":"auto","background-attachment":"scroll","background-type":"","background-media":"","overlay-type":"","overlay-color":"","overlay-opacity":"","overlay-gradient":""}},"ast-content-background-meta":{"desktop":{"background-color":"var(--ast-global-color-5)","background-image":"","background-repeat":"repeat","background-position":"center center","background-size":"auto","background-attachment":"scroll","background-type":"","background-media":"","overlay-type":"","overlay-color":"","overlay-opacity":"","overlay-gradient":""},"tablet":{"background-color":"var(--ast-global-color-5)","background-image":"","background-repeat":"repeat","background-position":"center center","background-size":"auto","background-attachment":"scroll","background-type":"","background-media":"","overlay-type":"","overlay-color":"","overlay-opacity":"","overlay-gradient":""},"mobile":{"background-color":"var(--ast-global-color-5)","background-image":"","background-repeat":"repeat","background-position":"center center","background-size":"auto","background-attachment":"scroll","background-type":"","background-media":"","overlay-type":"","overlay-color":"","overlay-opacity":"","overlay-gradient":""}},"footnotes":""},"class_list":["post-251","page","type-page","status-publish","hentry"],"_links":{"self":[{"href":"https:\/\/technologie.moreauabc.fr\/index.php\/wp-json\/wp\/v2\/pages\/251","targetHints":{"allow":["GET"]}}],"collection":[{"href":"https:\/\/technologie.moreauabc.fr\/index.php\/wp-json\/wp\/v2\/pages"}],"about":[{"href":"https:\/\/technologie.moreauabc.fr\/index.php\/wp-json\/wp\/v2\/types\/page"}],"author":[{"embeddable":true,"href":"https:\/\/technologie.moreauabc.fr\/index.php\/wp-json\/wp\/v2\/users\/1"}],"replies":[{"embeddable":true,"href":"https:\/\/technologie.moreauabc.fr\/index.php\/wp-json\/wp\/v2\/comments?post=251"}],"version-history":[{"count":9,"href":"https:\/\/technologie.moreauabc.fr\/index.php\/wp-json\/wp\/v2\/pages\/251\/revisions"}],"predecessor-version":[{"id":517,"href":"https:\/\/technologie.moreauabc.fr\/index.php\/wp-json\/wp\/v2\/pages\/251\/revisions\/517"}],"wp:attachment":[{"href":"https:\/\/technologie.moreauabc.fr\/index.php\/wp-json\/wp\/v2\/media?parent=251"}],"curies":[{"name":"wp","href":"https:\/\/api.w.org\/{rel}","templated":true}]}}